+ 5*a, 0 = l + a - 117. List the prime factors of l.
2, 3, 5
Let v = -104 - -120. What are the prime factors of v?
2
Let a be 1/(-4) - (-50)/8. Suppose a = -4*m + 6*m. What are the prime factors of m?
3
Let a = 0 + -3. Let t be (-2)/(-3) - 939/(-9). What are the prime factors of (t/(-20))/(a/8)?
2, 7
Let b be 9/6*8/(-6). Let s = 9 - b. Suppose -a = -2 - s. What are the prime factors of a?
13
Suppose 0*i = i + 3. Let a = 8 + i. List the prime factors of a.
5
Let r be (-16)/((-3)/(-6)*-2). Let x be r/12 - (-4)/6. List the prime factors of 13/2 - x/4.
2, 3
Suppose 5 = -5*q + 35. Let p = q + 4. List the prime factors of p.
2, 5
Suppose -2*l - 5 = -l. Let g be (3/l)/(3/(-15)). Suppose 22 = g*d - 14. What are the prime factors of d?
2, 3
Suppose 10 = 2*z + 2. Suppose -7 = -z*o - 2*j + 3, 4*o - j = 25. What are the prime factors of o?
5
Let o be (-3)/5 + (-92)/(-20). What are the prime factors of 110/o + (-3)/6?
3
Let n(l) = 12*l**2 + 2*l - 2. What are the prime factors of n(2)?
2, 5
Let h(d) = 3*d**2 + d. Let n be h(-1). Suppose 0 = -n*s - s + 78. Let z = s - 18. List the prime factors of z.
2
Let r(o) = o - 1. Let j(w) = -w + 3. Let f(q) = 2*j(q) + 6*r(q). What are the prime factors of f(7)?
2, 7
Let p = -4 - -32. List the prime factors of p.
2, 7
Let p(y) = -y**3 + 2*y**2 + 72. What are the prime factors of p(0)?
2, 3
Let z be (-5)/10*(3 - 9). Suppose z*i - 117 = i + s, 2*s = -4*i + 222. What are the prime factors of i?
3, 19
Suppose 0 = 2*b - 7*b + 175. Let h = -11 + b. List the prime factors of h.
2, 3
Suppose 3 - 19 = -2*p. Suppose 0 = o - 4*k - 23, -3*o + 3*k = p*k - 103. List the prime factors of o.
31
Let q = -22 - -39. List the prime factors of q.
17
Let x(a) be the third derivative of -5*a**4/24 + a**2. Let z be 2/1*-2 + 1. List the prime factors of x(z).
3, 5
Suppose -2*l - 4*y + 161 = -y, -3*y = -3*l + 279. Suppose -9*r = -11*r + l. Suppose 4*x - r = 3*h, x = -3*h - 5 + 1. What are the prime factors of x?
2
Let s(l) = -l**2 - 5*l - 2. Let u be s(-4). Let t be -1*u*(1 - 6). Suppose -5*d + 4*d = -h + t, -h = 3*d + 10. List the prime factors of h.
5
Suppose -69*r - 26 = -71*r. List the prime factors of r.
13
Let c = -6 - 0. Let u(p) = -6*p - 7. List the prime factors of u(c).
29
Suppose -u + 1 = -3. What are the prime factors of u?
2
Let k(c) = 3*c - 6. Let z be k(7). Suppose 2*n = -3*n + z. List the prime factors of n.
3
Let w(o) = -16*o + 1. List the prime factors of w(-5).
3
Suppose 15 = -5*a - 4*r, r = -3*a - 0*r - 2. List the prime factors of 39/((-9)/(-3)) + a.
2, 7
Let j be (0 - 0 - -7) + -1. Suppose t - 15 = -2*a + j*a, -5*t = -3*a - 109. What are the prime factors of 6/(-9) - t/(-3)?
7
Let f(x) be the first derivative of -x**4/4 - 8*x**3/3 - 3*x**2/2 - 9*x - 5. List the prime factors of f(-8).
3, 5
Let r(c) = 3*c**2 - 7*c + 2. Let p be r(6). Suppose 5*u + 23 = p. List the prime factors of u.
3
Let j(z) = z**3 + 8*z**2 + 5*z - 5. Let s be 1 + (-5)/((-15)/6). Suppose -s*g - 25 = -4. List the prime factors of j(g).
3
Let y = 146 - -108. What are the prime factors of y?
2, 127
Let l be 8/2*-2 + -1. What are the prime factors of (l/6)/(3/(-20))?
2, 5
Suppose -4*p = 4*k - 256, 5*k + 7 = 2. What are the prime factors of p?
5, 13
List the prime factors of 0/(8/(-4)) + 13.
13
Let z be -4 - (3 - (-2 + 2)). Let q(f) = -f**3 - 3*f**2 + 3*f - 4. Let j be q(-3). List the prime factors of 0 - j - (-14)/z.
11
Let b be (-6)/27 + 922/18. Let k be 8/(-4) + b/3. List the prime factors of (9/k - 1)*-10.
2
Let d = 206 - -116. What are the prime factors of d?
2, 7, 23
Let z be (-10)/3 - (-3)/9. Let n be (z/(-5))/((-7)/35). List the prime factors of 2*6*n/(-6).
2, 3
Let k = -1 - -6. Suppose 0*t - k*t = 5. Let i(r) = -12*r**3 + 2*r + 1. What are the prime factors of i(t)?
11
Suppose -4*y - 2*s = -0*y - 32, 3*y + 2*s = 26. Suppose -y*u = -u - 75. List the prime factors of u.
3, 5
Suppose -25 = -3*s + 4*x, 5*s + 7*x + 1 = 3*x. Suppose r - s - 13 = 0. List the prime factors of r.
2
Suppose y - 3*y + 92 = 0. What are the prime factors of y?
2, 23
Suppose -2*d - d - 12 = 0. Let y be -1 + 1 - (2 + d). Suppose 0 = -2*g - 0*g + 3*c - y, -2*g - 2*c + 18 = 0. What are the prime factors of g?
5
Suppose -2*n = -8*i + 3*i - 184, -4*i - 460 = -5*n. List the prime factors of n.
2, 23
Suppose -3*x = -118 - 383. List the prime factors of x.
167
Let g = 9 - 1. Suppose -3*o = -g*o + 40. List the prime factors of o.
2
What are the prime factors of (1820/30)/(4/6)?
7, 13
Let y(a) = a**3 + 7*a**2 + 4*a - 8. Let z be y(-6). Suppose -2*d = -z*d + 22. What are the prime factors of d?
11
Suppose 0 = n - 4*t - 32, -4*n + 23 + 10 = 3*t. Suppose x = 5*x - n. Let u = x + 1. List the prime factors of u.
2
Suppose -3*f = f - 608. Suppose 104 = 3*b - 2*j, 0*b + f = 4*b + 4*j. Suppose t - 3*p = 3, -2*t + 6*t - 4*p - b = 0. What are the prime factors of t?
2, 3
Let p be (-129)/21 + (-2)/(-14). Let f = -10 - p. What are the prime factors of ((-2)/f)/(3/66)?
11
Let x(c) = -c**3 - c + 12. Let l be x(0). Suppose l - 40 = -4*g. What are the prime factors of g?
7
Suppose 0*d - 3*d = 5*k - 206, k - 38 = d. What are the prime factors of k?
2, 5
Let i(c) = c**3 - 6*c**2 + 5*c + 1. Let l be i(4). Let a = 20 + l. Let o = a - 5. List the prime factors of o.
2
Suppose -5*d = g + 3 - 11, -3*d - 15 = 0. Suppose -2*y - 3*k + 0*k - 27 = 0, -63 = 4*y - 3*k. Let v = y + g. What are the prime factors of v?
2, 3
List the prime factors of (0 - -9)/(3/2).
2, 3
Suppose 0 = -3*l - 6*x + x, 3*l = 3*x + 24. Let r(k) = -k + 7. Let v be r(l). Suppose 0 = 5*s + n - 55, -4*s + 3 = v*n - 47. What are the prime factors of s?
2, 5
Suppose -4*p + 103 = 5*w, -3*w - p + 43 + 16 = 0. What are the prime factors of w?
19
Suppose 50*s + 328 = 52*s. What are the prime factors of s?
2, 41
Let a(s) = -6*s - 90. What are the prime factors of a(-16)?
2, 3
Suppose 252 = 3*p - 3*c, 5*p - 3*c = p + 332. Suppose 3*g = 2*z - p, 0 = g - 6*g - 20. List the prime factors of z.
2, 17
Suppose -63 = -5*t + 87. Let p = 46 - t. What are the prime factors of p?
2
Let a(i) = i + 2. Let b(j) = 4*j + 5. Let h(f) = -7*a(f) + 2*b(f). What are the prime factors of h(9)?
5
Let t(j) be the first derivative of 4*j**3 + j**2 - j - 1. List the prime factors of t(1).
13
Suppose -4*j = -j. Suppose 0*v + 3*v - 9 = j. Suppose 4*r + v + 5 = 0, 4*u = 3*r + 50. List the prime factors of u.
11
Let i = 42 + -18. What are the prime factors of i?
2, 3
Let l be (-1 - -3*4)/(-1). Let t = -1 - l. Suppose 5*g + 20 = 0, -t = -3*u + 3*g + 20. List the prime factors of u.
2, 3
Let k be 1 + ((-3)/(-3) - -103). List the prime factors of 12/15*k/2.
2, 3, 7
Suppose 0 = -4*l + 4*j + 52 + 64, 0 = l - 5*j - 49. List the prime factors of l.
2, 3
Let z = -69 - -41. Let b = -18 - z. What are the prime factors of b?
2, 5
Let a be (-2)/5 + 4/10. Suppose a = 4*n - 82 - 174. Suppose 3*u + 5*l - 48 = 0, 8*u + l - n = 4*u. List the prime factors of u.
2
Suppose -14 + 2 = -3*a. Suppose s = a*s + 48. Let h = -11 - s. What are the prime factors of h?
5
Suppose 0*a - 31 = a. Let z = -18 - a. List the prime factors of z.
13
Let w = 51 + -24. What are the prime factors of w?
3
Suppose -1327 = -13*v + 571. What are the prime factors of v?
2, 73
Let h = 44 + 2. Let p(y) = y**3 - 6*y**2 + y. Let a be p(4). Let d = a + h. What are the prime factors of d?
2, 3
Let i = -15 + 20. What are the prime factors of i?
5
Let w = 48 + -12. What are the prime factors of w/(3 + 1)*2?
2, 3
Let w(k) = k**3 + 9*k**2 + 8*k + 12. Let p be w(-8). Suppose -3*n = -2*n - p. What are the prime factors of n?
2, 3
Let c(z) = -z**3 - 5*z**2 + 4*z - 15. What are the prime factors of c(-8)?
5, 29
Suppose 0 = k - 12 + 1. What are the prime factors of k?
11
Let j(p) = 5*p - 5. Let w be j(5). Let g = -3 + w. What are the prime factors of g?
17
Let k(x) = 4*x**2 + 7*x + 3. List the prime factors of k(-2).
5
Let r(p) = 2*p**2 + 8*p + 10. Let c be r(-4). What are the prime factors of (c/(-3))/(2/(-6))?
2, 5
Suppose 0 = 4*q - 5*i - 176 - 101, 2*q - i - 131 = 0. What are the prime factors of q?
3, 7
Let p be 1 - (-145 + (-6)/3). Suppose -2*n = -p + 16. What are the prime factors of (n/(-18))/((-1)/3)?
11
Let h be 6/27 - (-248)/18. Let y = -1 + h. What are the prime factors of y?
13
List the prime factors of -4 - -25*(-4)/(-4).
3, 7
L